{"id":128,"date":"2023-10-24T13:13:16","date_gmt":"2023-10-24T13:13:16","guid":{"rendered":"https:\/\/vero.skydoo.com.pl\/?page_id=128"},"modified":"2023-12-04T12:21:51","modified_gmt":"2023-12-04T12:21:51","slug":"oferta","status":"publish","type":"page","link":"https:\/\/vero.skydoo.com.pl\/?page_id=128","title":{"rendered":"Oferta"},"content":{"rendered":"\t\t<div data-elementor-type=\"wp-page\" data-elementor-id=\"128\" class=\"elementor elementor-128\" data-elementor-post-type=\"page\">\n\t\t\t\t<div class=\"elementor-element elementor-element-6c667fa e-flex e-con-boxed e-con e-parent\" data-id=\"6c667fa\" data-element_type=\"container\" data-settings=\"{&quot;background_background&quot;:&quot;classic&quot;}\">\n\t\t\t\t\t<div class=\"e-con-inner\">\n\t\t\t\t<div class=\"elementor-element elementor-element-7e98107 elementor-widget elementor-widget-heading\" data-id=\"7e98107\" data-element_type=\"widget\" data-widget_type=\"heading.default\">\n\t\t\t\t<div class=\"elementor-widget-container\">\n\t\t\t\t\t<h2 class=\"elementor-heading-title elementor-size-default\">POMO\u017bEMY CI<\/h2>\t\t\t\t<\/div>\n\t\t\t\t<\/div>\n\t\t\t\t<div class=\"elementor-element elementor-element-165ba00 elementor-widget elementor-widget-heading\" data-id=\"165ba00\" data-element_type=\"widget\" data-widget_type=\"heading.default\">\n\t\t\t\t<div class=\"elementor-widget-container\">\n\t\t\t\t\t<h2 class=\"elementor-heading-title elementor-size-default\">Nasze us\u0142ugi <Br>\n<span style=\"font-size: 95px;font-weight: 700\">KSI\u0118GOWE<\/span><\/h2>\t\t\t\t<\/div>\n\t\t\t\t<\/div>\n\t\t\t\t\t<\/div>\n\t\t\t\t<\/div>\n\t\t<div class=\"elementor-element elementor-element-d0e6c56 e-flex e-con-boxed e-con e-parent\" data-id=\"d0e6c56\" data-element_type=\"container\">\n\t\t\t\t\t<div class=\"e-con-inner\">\n\t\t\t\t<div class=\"elementor-element elementor-element-ab1d3f7 elementor-widget elementor-widget-heading\" data-id=\"ab1d3f7\" data-element_type=\"widget\" data-widget_type=\"heading.default\">\n\t\t\t\t<div class=\"elementor-widget-container\">\n\t\t\t\t\t<h2 class=\"elementor-heading-title elementor-size-default\">Oferta VERO<\/h2>\t\t\t\t<\/div>\n\t\t\t\t<\/div>\n\t\t\t\t<div class=\"elementor-element elementor-element-19db6cc elementor-widget elementor-widget-heading\" data-id=\"19db6cc\" data-element_type=\"widget\" data-widget_type=\"heading.default\">\n\t\t\t\t<div class=\"elementor-widget-container\">\n\t\t\t\t\t<h2 class=\"elementor-heading-title elementor-size-default\">Co mo\u017cemy dla Ciebie zrobi\u0107?<\/h2>\t\t\t\t<\/div>\n\t\t\t\t<\/div>\n\t\t\t\t<div class=\"elementor-element elementor-element-0e80357 elementor-widget__width-initial elementor-widget elementor-widget-text-editor\" data-id=\"0e80357\" data-element_type=\"widget\" data-widget_type=\"text-editor.default\">\n\t\t\t\t<div class=\"elementor-widget-container\">\n\t\t\t\t\t\t\t\t\t<p>Jeste\u015bmy biurem rachunkowym <strong>VERO<\/strong>, specjalizuj\u0105cym si\u0119 w kompleksowej obs\u0142udze firm pod wzgl\u0119dem ksi\u0119gowym, rachunkowym oraz w prowadzeniu spraw kadrowo-p\u0142acowych. <br \/>Pozw\u00f3l, \u017ce przedstawimy,co mo\u017cemy dla Ciebie zrobi\u0107:<\/p>\t\t\t\t\t\t\t\t<\/div>\n\t\t\t\t<\/div>\n\t\t\t\t\t<\/div>\n\t\t\t\t<\/div>\n\t\t<div class=\"elementor-element elementor-element-19c9865 e-flex e-con-boxed e-con e-parent\" data-id=\"19c9865\" data-element_type=\"container\">\n\t\t\t\t\t<div class=\"e-con-inner\">\n\t\t<div class=\"elementor-element elementor-element-a04458e e-con-full e-flex e-con e-child\" data-id=\"a04458e\" data-element_type=\"container\">\n\t\t\t\t<div class=\"elementor-element elementor-element-7684e5c elementor-widget elementor-widget-image\" data-id=\"7684e5c\" data-element_type=\"widget\" data-widget_type=\"image.default\">\n\t\t\t\t<div class=\"elementor-widget-container\">\n\t\t\t\t\t\t\t\t\t\t\t\t\t\t\t<img fetchpriority=\"high\" decoding=\"async\" width=\"547\" height=\"304\" src=\"https:\/\/vero.skydoo.com.pl\/wp-content\/uploads\/2023\/10\/Mask-Group-19-1.png\" class=\"attachment-large size-large wp-image-136\" alt=\"\" srcset=\"https:\/\/vero.skydoo.com.pl\/wp-content\/uploads\/2023\/10\/Mask-Group-19-1.png 547w, https:\/\/vero.skydoo.com.pl\/wp-content\/uploads\/2023\/10\/Mask-Group-19-1-300x167.png 300w\" sizes=\"(max-width: 547px) 100vw, 547px\" \/>\t\t\t\t\t\t\t\t\t\t\t\t\t\t\t<\/div>\n\t\t\t\t<\/div>\n\t\t\t\t<\/div>\n\t\t<div class=\"elementor-element elementor-element-49a9cbe e-con-full e-flex e-con e-child\" data-id=\"49a9cbe\" data-element_type=\"container\" data-settings=\"{&quot;background_background&quot;:&quot;classic&quot;}\">\n\t\t\t\t<div class=\"elementor-element elementor-element-1073d97 elementor-widget elementor-widget-heading\" data-id=\"1073d97\" data-element_type=\"widget\" data-widget_type=\"heading.default\">\n\t\t\t\t<div class=\"elementor-widget-container\">\n\t\t\t\t\t<h2 class=\"elementor-heading-title elementor-size-default\">Obs\u0142uga ksi\u0119gowa<\/h2>\t\t\t\t<\/div>\n\t\t\t\t<\/div>\n\t\t\t\t<div class=\"elementor-element elementor-element-6fe7877 elementor-widget-divider--view-line elementor-widget elementor-widget-divider\" data-id=\"6fe7877\" data-element_type=\"widget\" data-widget_type=\"divider.default\">\n\t\t\t\t<div class=\"elementor-widget-container\">\n\t\t\t\t\t\t\t<div class=\"elementor-divider\">\n\t\t\t<span class=\"elementor-divider-separator\">\n\t\t\t\t\t\t<\/span>\n\t\t<\/div>\n\t\t\t\t\t\t<\/div>\n\t\t\t\t<\/div>\n\t\t<div class=\"elementor-element elementor-element-4ef549c e-flex e-con-boxed e-con e-child\" data-id=\"4ef549c\" data-element_type=\"container\">\n\t\t\t\t\t<div class=\"e-con-inner\">\n\t\t\t\t<div class=\"elementor-element elementor-element-29a316d elementor-widget elementor-widget-text-editor\" data-id=\"29a316d\" data-element_type=\"widget\" data-widget_type=\"text-editor.default\">\n\t\t\t\t<div class=\"elementor-widget-container\">\n\t\t\t\t\t\t\t\t\t<p>Profesjonalne prowadzenie spraw ksi\u0119gowo-podatkowych klient\u00f3w, kt\u00f3rzy dzi\u0119ki powierzeniu prowadzenia ksi\u0119gowo\u015bci swojej firmy kompetentnej osobie mog\u0105 skoncentrowa\u0107 si\u0119 rozwoju swojego biznesu. Nasi certyfikowani ksi\u0119gowi zapewniaj\u0105 profesjonalne prowadzenie Twoich rachunk\u00f3w, gwarantuj\u0105c rzetelne rozliczenia podatkowe i pe\u0142n\u0105 zgodno\u015b\u0107 z przepisami.<\/p>\t\t\t\t\t\t\t\t<\/div>\n\t\t\t\t<\/div>\n\t\t\t\t\t<\/div>\n\t\t\t\t<\/div>\n\t\t\t\t<\/div>\n\t\t\t\t\t<\/div>\n\t\t\t\t<\/div>\n\t\t<div class=\"elementor-element elementor-element-280b933 e-flex e-con-boxed e-con e-parent\" data-id=\"280b933\" data-element_type=\"container\">\n\t\t\t\t\t<div class=\"e-con-inner\">\n\t\t<div class=\"elementor-element elementor-element-0eb4028 e-con-full e-flex e-con e-child\" data-id=\"0eb4028\" data-element_type=\"container\" data-settings=\"{&quot;background_background&quot;:&quot;classic&quot;}\">\n\t\t\t\t<div class=\"elementor-element elementor-element-f97b6a5 elementor-widget elementor-widget-heading\" data-id=\"f97b6a5\" data-element_type=\"widget\" data-widget_type=\"heading.default\">\n\t\t\t\t<div class=\"elementor-widget-container\">\n\t\t\t\t\t<h2 class=\"elementor-heading-title elementor-size-default\">Kadry i P\u0142ace<\/h2>\t\t\t\t<\/div>\n\t\t\t\t<\/div>\n\t\t\t\t<div class=\"elementor-element elementor-element-36df5f8 elementor-widget-divider--view-line elementor-widget elementor-widget-divider\" data-id=\"36df5f8\" data-element_type=\"widget\" data-widget_type=\"divider.default\">\n\t\t\t\t<div class=\"elementor-widget-container\">\n\t\t\t\t\t\t\t<div class=\"elementor-divider\">\n\t\t\t<span class=\"elementor-divider-separator\">\n\t\t\t\t\t\t<\/span>\n\t\t<\/div>\n\t\t\t\t\t\t<\/div>\n\t\t\t\t<\/div>\n\t\t<div class=\"elementor-element elementor-element-91cbf8b e-flex e-con-boxed e-con e-child\" data-id=\"91cbf8b\" data-element_type=\"container\">\n\t\t\t\t\t<div class=\"e-con-inner\">\n\t\t\t\t<div class=\"elementor-element elementor-element-66d6098 elementor-widget elementor-widget-text-editor\" data-id=\"66d6098\" data-element_type=\"widget\" data-widget_type=\"text-editor.default\">\n\t\t\t\t<div class=\"elementor-widget-container\">\n\t\t\t\t\t\t\t\t\t<p>Zatrudnienie pracownik\u00f3w wi\u0105\u017ce si\u0119 z konieczno\u015bci\u0105 przygotowania odpowiednich um\u00f3w, regulamin\u00f3w oraz nadzoru nad kompletno\u015bci\u0105 dokumentacji. Wybieraj\u0105c VERO zyskasz pewno\u015b\u0107, \u017ce zarz\u0105dzanie zasobami ludzkimi w Twojej firmie b\u0119dzie przebiega\u0142o sprawnie i zgodnie z obowi\u0105zuj\u0105cymi przepisami.<\/p><p>\u00a0<\/p>\t\t\t\t\t\t\t\t<\/div>\n\t\t\t\t<\/div>\n\t\t\t\t\t<\/div>\n\t\t\t\t<\/div>\n\t\t\t\t<\/div>\n\t\t<div class=\"elementor-element elementor-element-9268c63 e-con-full e-flex e-con e-child\" data-id=\"9268c63\" data-element_type=\"container\">\n\t\t\t\t<div class=\"elementor-element elementor-element-dd0c4ec elementor-widget elementor-widget-image\" data-id=\"dd0c4ec\" data-element_type=\"widget\" data-widget_type=\"image.default\">\n\t\t\t\t<div class=\"elementor-widget-container\">\n\t\t\t\t\t\t\t\t\t\t\t\t\t\t\t<img decoding=\"async\" width=\"547\" height=\"304\" src=\"https:\/\/vero.skydoo.com.pl\/wp-content\/uploads\/2023\/10\/Mask-Group-20-1.png\" class=\"attachment-large size-large wp-image-150\" alt=\"\" srcset=\"https:\/\/vero.skydoo.com.pl\/wp-content\/uploads\/2023\/10\/Mask-Group-20-1.png 547w, https:\/\/vero.skydoo.com.pl\/wp-content\/uploads\/2023\/10\/Mask-Group-20-1-300x167.png 300w\" sizes=\"(max-width: 547px) 100vw, 547px\" \/>\t\t\t\t\t\t\t\t\t\t\t\t\t\t\t<\/div>\n\t\t\t\t<\/div>\n\t\t\t\t<\/div>\n\t\t\t\t\t<\/div>\n\t\t\t\t<\/div>\n\t\t<div class=\"elementor-element elementor-element-5b7b426 e-flex e-con-boxed e-con e-parent\" data-id=\"5b7b426\" data-element_type=\"container\">\n\t\t\t\t\t<div class=\"e-con-inner\">\n\t\t<div class=\"elementor-element elementor-element-0dc8d19 e-con-full e-flex e-con e-child\" data-id=\"0dc8d19\" data-element_type=\"container\">\n\t\t\t\t<div class=\"elementor-element elementor-element-8473d5a elementor-widget elementor-widget-image\" data-id=\"8473d5a\" data-element_type=\"widget\" data-widget_type=\"image.default\">\n\t\t\t\t<div class=\"elementor-widget-container\">\n\t\t\t\t\t\t\t\t\t\t\t\t\t\t\t<img decoding=\"async\" width=\"547\" height=\"304\" src=\"https:\/\/vero.skydoo.com.pl\/wp-content\/uploads\/2023\/10\/Mask-Group-22.png\" class=\"attachment-large size-large wp-image-19\" alt=\"\" srcset=\"https:\/\/vero.skydoo.com.pl\/wp-content\/uploads\/2023\/10\/Mask-Group-22.png 547w, https:\/\/vero.skydoo.com.pl\/wp-content\/uploads\/2023\/10\/Mask-Group-22-300x167.png 300w\" sizes=\"(max-width: 547px) 100vw, 547px\" \/>\t\t\t\t\t\t\t\t\t\t\t\t\t\t\t<\/div>\n\t\t\t\t<\/div>\n\t\t\t\t<\/div>\n\t\t<div class=\"elementor-element elementor-element-a64d305 e-con-full e-flex e-con e-child\" data-id=\"a64d305\" data-element_type=\"container\" data-settings=\"{&quot;background_background&quot;:&quot;classic&quot;}\">\n\t\t\t\t<div class=\"elementor-element elementor-element-1a9ffc7 elementor-widget elementor-widget-heading\" data-id=\"1a9ffc7\" data-element_type=\"widget\" data-widget_type=\"heading.default\">\n\t\t\t\t<div class=\"elementor-widget-container\">\n\t\t\t\t\t<h2 class=\"elementor-heading-title elementor-size-default\">Ksi\u0119gi Przychod\u00f3w i Rozchod\u00f3w<\/h2>\t\t\t\t<\/div>\n\t\t\t\t<\/div>\n\t\t\t\t<div class=\"elementor-element elementor-element-65c3c5b elementor-widget-divider--view-line elementor-widget elementor-widget-divider\" data-id=\"65c3c5b\" data-element_type=\"widget\" data-widget_type=\"divider.default\">\n\t\t\t\t<div class=\"elementor-widget-container\">\n\t\t\t\t\t\t\t<div class=\"elementor-divider\">\n\t\t\t<span class=\"elementor-divider-separator\">\n\t\t\t\t\t\t<\/span>\n\t\t<\/div>\n\t\t\t\t\t\t<\/div>\n\t\t\t\t<\/div>\n\t\t<div class=\"elementor-element elementor-element-3b4bfc8 e-flex e-con-boxed e-con e-child\" data-id=\"3b4bfc8\" data-element_type=\"container\">\n\t\t\t\t\t<div class=\"e-con-inner\">\n\t\t\t\t<div class=\"elementor-element elementor-element-335c18d elementor-widget elementor-widget-text-editor\" data-id=\"335c18d\" data-element_type=\"widget\" data-widget_type=\"text-editor.default\">\n\t\t\t\t<div class=\"elementor-widget-container\">\n\t\t\t\t\t\t\t\t\t<p>Prowadzimy rozliczenia KPIR dla os\u00f3b prowadz\u0105cych dzia\u0142alno\u015b\u0107 gospodarcz\u0105, a tak\u017ce kompleksowe ksi\u0119gi handlowe dla sp\u00f3\u0142ek z o.o., fundacji i stowarzysze\u0144.<\/p>\t\t\t\t\t\t\t\t<\/div>\n\t\t\t\t<\/div>\n\t\t\t\t\t<\/div>\n\t\t\t\t<\/div>\n\t\t\t\t<\/div>\n\t\t\t\t\t<\/div>\n\t\t\t\t<\/div>\n\t\t<div class=\"elementor-element elementor-element-df34339 e-flex e-con-boxed e-con e-parent\" data-id=\"df34339\" data-element_type=\"container\">\n\t\t\t\t\t<div class=\"e-con-inner\">\n\t\t<div class=\"elementor-element elementor-element-eb37979 e-con-full e-flex e-con e-child\" data-id=\"eb37979\" data-element_type=\"container\" data-settings=\"{&quot;background_background&quot;:&quot;classic&quot;}\">\n\t\t\t\t<div class=\"elementor-element elementor-element-12b02a4 elementor-widget elementor-widget-heading\" data-id=\"12b02a4\" data-element_type=\"widget\" data-widget_type=\"heading.default\">\n\t\t\t\t<div class=\"elementor-widget-container\">\n\t\t\t\t\t<h2 class=\"elementor-heading-title elementor-size-default\">Pomoc przy Zak\u0142adaniu Firmy<\/h2>\t\t\t\t<\/div>\n\t\t\t\t<\/div>\n\t\t\t\t<div class=\"elementor-element elementor-element-1810fbc elementor-widget-divider--view-line elementor-widget elementor-widget-divider\" data-id=\"1810fbc\" data-element_type=\"widget\" data-widget_type=\"divider.default\">\n\t\t\t\t<div class=\"elementor-widget-container\">\n\t\t\t\t\t\t\t<div class=\"elementor-divider\">\n\t\t\t<span class=\"elementor-divider-separator\">\n\t\t\t\t\t\t<\/span>\n\t\t<\/div>\n\t\t\t\t\t\t<\/div>\n\t\t\t\t<\/div>\n\t\t<div class=\"elementor-element elementor-element-8ef7530 e-flex e-con-boxed e-con e-child\" data-id=\"8ef7530\" data-element_type=\"container\">\n\t\t\t\t\t<div class=\"e-con-inner\">\n\t\t\t\t<div class=\"elementor-element elementor-element-9700520 elementor-widget elementor-widget-text-editor\" data-id=\"9700520\" data-element_type=\"widget\" data-widget_type=\"text-editor.default\">\n\t\t\t\t<div class=\"elementor-widget-container\">\n\t\t\t\t\t\t\t\t\t<p>Planujesz za\u0142o\u017cy\u0107 w\u0142asn\u0105 dzia\u0142alno\u015b\u0107 gospodarcz\u0105 lub zarejestrowa\u0107 sp\u00f3\u0142k\u0119? Jeste\u015bmy tutaj, aby Ci pom\u00f3c. Zapewniamy wsparcie w procesie rejestracji i za\u0142o\u017cenia firmy.<\/p>\t\t\t\t\t\t\t\t<\/div>\n\t\t\t\t<\/div>\n\t\t\t\t\t<\/div>\n\t\t\t\t<\/div>\n\t\t\t\t<\/div>\n\t\t<div class=\"elementor-element elementor-element-53cfc49 e-con-full e-flex e-con e-child\" data-id=\"53cfc49\" data-element_type=\"container\">\n\t\t\t\t<div class=\"elementor-element elementor-element-05978d8 elementor-widget elementor-widget-image\" data-id=\"05978d8\" data-element_type=\"widget\" data-widget_type=\"image.default\">\n\t\t\t\t<div class=\"elementor-widget-container\">\n\t\t\t\t\t\t\t\t\t\t\t\t\t\t\t<img decoding=\"async\" width=\"547\" height=\"304\" src=\"https:\/\/vero.skydoo.com.pl\/wp-content\/uploads\/2023\/10\/Mask-Group-20-1.png\" class=\"attachment-large size-large wp-image-150\" alt=\"\" srcset=\"https:\/\/vero.skydoo.com.pl\/wp-content\/uploads\/2023\/10\/Mask-Group-20-1.png 547w, https:\/\/vero.skydoo.com.pl\/wp-content\/uploads\/2023\/10\/Mask-Group-20-1-300x167.png 300w\" sizes=\"(max-width: 547px) 100vw, 547px\" \/>\t\t\t\t\t\t\t\t\t\t\t\t\t\t\t<\/div>\n\t\t\t\t<\/div>\n\t\t\t\t<\/div>\n\t\t\t\t\t<\/div>\n\t\t\t\t<\/div>\n\t\t<div class=\"elementor-element elementor-element-3f33739 e-flex e-con-boxed e-con e-parent\" data-id=\"3f33739\" data-element_type=\"container\">\n\t\t\t\t\t<div class=\"e-con-inner\">\n\t\t<div class=\"elementor-element elementor-element-e950764 e-con-full e-flex e-con e-child\" data-id=\"e950764\" data-element_type=\"container\">\n\t\t\t\t<div class=\"elementor-element elementor-element-c349f22 elementor-widget elementor-widget-image\" data-id=\"c349f22\" data-element_type=\"widget\" data-widget_type=\"image.default\">\n\t\t\t\t<div class=\"elementor-widget-container\">\n\t\t\t\t\t\t\t\t\t\t\t\t\t\t\t<img loading=\"lazy\" decoding=\"async\" width=\"547\" height=\"304\" src=\"https:\/\/vero.skydoo.com.pl\/wp-content\/uploads\/2023\/10\/Mask-Group-26.png\" class=\"attachment-large size-large wp-image-21\" alt=\"\" srcset=\"https:\/\/vero.skydoo.com.pl\/wp-content\/uploads\/2023\/10\/Mask-Group-26.png 547w, https:\/\/vero.skydoo.com.pl\/wp-content\/uploads\/2023\/10\/Mask-Group-26-300x167.png 300w\" sizes=\"(max-width: 547px) 100vw, 547px\" \/>\t\t\t\t\t\t\t\t\t\t\t\t\t\t\t<\/div>\n\t\t\t\t<\/div>\n\t\t\t\t<\/div>\n\t\t<div class=\"elementor-element elementor-element-097daa4 e-con-full e-flex e-con e-child\" data-id=\"097daa4\" data-element_type=\"container\" data-settings=\"{&quot;background_background&quot;:&quot;classic&quot;}\">\n\t\t\t\t<div class=\"elementor-element elementor-element-bf3b72e elementor-widget elementor-widget-heading\" data-id=\"bf3b72e\" data-element_type=\"widget\" data-widget_type=\"heading.default\">\n\t\t\t\t<div class=\"elementor-widget-container\">\n\t\t\t\t\t<h2 class=\"elementor-heading-title elementor-size-default\">Mediacja<\/h2>\t\t\t\t<\/div>\n\t\t\t\t<\/div>\n\t\t\t\t<div class=\"elementor-element elementor-element-0014b16 elementor-widget-divider--view-line elementor-widget elementor-widget-divider\" data-id=\"0014b16\" data-element_type=\"widget\" data-widget_type=\"divider.default\">\n\t\t\t\t<div class=\"elementor-widget-container\">\n\t\t\t\t\t\t\t<div class=\"elementor-divider\">\n\t\t\t<span class=\"elementor-divider-separator\">\n\t\t\t\t\t\t<\/span>\n\t\t<\/div>\n\t\t\t\t\t\t<\/div>\n\t\t\t\t<\/div>\n\t\t<div class=\"elementor-element elementor-element-2679333 e-flex e-con-boxed e-con e-child\" data-id=\"2679333\" data-element_type=\"container\">\n\t\t\t\t\t<div class=\"e-con-inner\">\n\t\t\t\t<div class=\"elementor-element elementor-element-7980f2b elementor-widget elementor-widget-text-editor\" data-id=\"7980f2b\" data-element_type=\"widget\" data-widget_type=\"text-editor.default\">\n\t\t\t\t<div class=\"elementor-widget-container\">\n\t\t\t\t\t\t\t\t\t<p>W razie kontroli urz\u0119d\u00f3w skarbowych lub ZUS, nie zostawiamy Ci\u0119 samego. Oferujemy pomoc i mediacj\u0119 w kontaktach z organami kontrolnymi.<\/p>\t\t\t\t\t\t\t\t<\/div>\n\t\t\t\t<\/div>\n\t\t\t\t\t<\/div>\n\t\t\t\t<\/div>\n\t\t\t\t<\/div>\n\t\t\t\t\t<\/div>\n\t\t\t\t<\/div>\n\t\t<div class=\"elementor-element elementor-element-28649ea e-flex e-con-boxed e-con e-parent\" data-id=\"28649ea\" data-element_type=\"container\" data-settings=\"{&quot;background_background&quot;:&quot;classic&quot;}\">\n\t\t\t\t\t<div class=\"e-con-inner\">\n\t\t\t\t<div class=\"elementor-element elementor-element-d39d2e4 elementor-widget elementor-widget-heading\" data-id=\"d39d2e4\" data-element_type=\"widget\" data-widget_type=\"heading.default\">\n\t\t\t\t<div class=\"elementor-widget-container\">\n\t\t\t\t\t<h2 class=\"elementor-heading-title elementor-size-default\">Biuro rachunkowe VERO<\/h2>\t\t\t\t<\/div>\n\t\t\t\t<\/div>\n\t\t\t\t<div class=\"elementor-element elementor-element-55fdbd5 elementor-widget elementor-widget-heading\" data-id=\"55fdbd5\" data-element_type=\"widget\" data-widget_type=\"heading.default\">\n\t\t\t\t<div class=\"elementor-widget-container\">\n\t\t\t\t\t<h2 class=\"elementor-heading-title elementor-size-default\">PROFESJONALNE US\u0141UGI KSI\u0118GOWE<\/h2>\t\t\t\t<\/div>\n\t\t\t\t<\/div>\n\t\t\t\t<div class=\"elementor-element elementor-element-f2cd03b elementor-widget__width-initial elementor-widget elementor-widget-text-editor\" data-id=\"f2cd03b\" data-element_type=\"widget\" data-widget_type=\"text-editor.default\">\n\t\t\t\t<div class=\"elementor-widget-container\">\n\t\t\t\t\t\t\t\t\t<p>Pragniemy sta\u0107 si\u0119 Pa\u0144stwa zaufanym partnerem, kt\u00f3ry pomo\u017ce w osi\u0105gni\u0119ciu sukcesu i wzrostu biznesu. Z nami mo\u017cesz by\u0107 pewien, \u017ce Twoje finanse s\u0105 w najlepszych r\u0119kach. Skontaktuj si\u0119 z nami ju\u017c dzi\u015b i przekonaj si\u0119, jak mo\u017cemy Ci pom\u00f3c w rozwijaniu swojego biznesu!<\/p>\t\t\t\t\t\t\t\t<\/div>\n\t\t\t\t<\/div>\n\t\t\t\t<div class=\"elementor-element elementor-element-e52634d elementor-widget elementor-widget-button\" data-id=\"e52634d\" data-element_type=\"widget\" data-widget_type=\"button.default\">\n\t\t\t\t<div class=\"elementor-widget-container\">\n\t\t\t\t\t\t\t\t\t<div class=\"elementor-button-wrapper\">\n\t\t\t\t\t<a class=\"elementor-button elementor-button-link elementor-size-sm\" href=\"\/kontakt\">\n\t\t\t\t\t\t<span class=\"elementor-button-content-wrapper\">\n\t\t\t\t\t\t\t\t\t<span class=\"elementor-button-text\">KONTAKT<\/span>\n\t\t\t\t\t<\/span>\n\t\t\t\t\t<\/a>\n\t\t\t\t<\/div>\n\t\t\t\t\t\t\t\t<\/div>\n\t\t\t\t<\/div>\n\t\t\t\t\t<\/div>\n\t\t\t\t<\/div>\n\t\t\t\t<\/div>\n\t\t","protected":false},"excerpt":{"rendered":"<p>POMO\u017bEMY CI Nasze us\u0142ugi KSI\u0118GOWE Oferta VERO Co mo\u017cemy dla Ciebie zrobi\u0107? Jeste\u015bmy biurem rachunkowym VERO, specjalizuj\u0105cym si\u0119 w kompleksowej obs\u0142udze firm pod wzgl\u0119dem ksi\u0119gowym, rachunkowym oraz w prowadzeniu spraw kadrowo-p\u0142acowych. Pozw\u00f3l, \u017ce przedstawimy,co mo\u017cemy dla Ciebie zrobi\u0107: Obs\u0142uga ksi\u0119gowa Profesjonalne prowadzenie spraw ksi\u0119gowo-podatkowych klient\u00f3w, kt\u00f3rzy dzi\u0119ki powierzeniu prowadzenia ksi\u0119gowo\u015bci swojej firmy kompetentnej osobie mog\u0105 [&hellip;]<\/p>\n","protected":false},"author":1,"featured_media":0,"parent":0,"menu_order":0,"comment_status":"closed","ping_status":"closed","template":"elementor_header_footer","meta":{"footnotes":""},"class_list":["post-128","page","type-page","status-publish","hentry"],"_links":{"self":[{"href":"https:\/\/vero.skydoo.com.pl\/index.php?rest_route=\/wp\/v2\/pages\/128","targetHints":{"allow":["GET"]}}],"collection":[{"href":"https:\/\/vero.skydoo.com.pl\/index.php?rest_route=\/wp\/v2\/pages"}],"about":[{"href":"https:\/\/vero.skydoo.com.pl\/index.php?rest_route=\/wp\/v2\/types\/page"}],"author":[{"embeddable":true,"href":"https:\/\/vero.skydoo.com.pl\/index.php?rest_route=\/wp\/v2\/users\/1"}],"replies":[{"embeddable":true,"href":"https:\/\/vero.skydoo.com.pl\/index.php?rest_route=%2Fwp%2Fv2%2Fcomments&post=128"}],"version-history":[{"count":31,"href":"https:\/\/vero.skydoo.com.pl\/index.php?rest_route=\/wp\/v2\/pages\/128\/revisions"}],"predecessor-version":[{"id":249,"href":"https:\/\/vero.skydoo.com.pl\/index.php?rest_route=\/wp\/v2\/pages\/128\/revisions\/249"}],"wp:attachment":[{"href":"https:\/\/vero.skydoo.com.pl\/index.php?rest_route=%2Fwp%2Fv2%2Fmedia&parent=128"}],"curies":[{"name":"wp","href":"https:\/\/api.w.org\/{rel}","templated":true}]}}